 d(-2). What is the units digit of b(j)?
1
Let w(f) = 5*f**2 + 14*f + 38. What is the units digit of w(-7)?
5
Let c(r) = 795*r**2 - 788*r**2 - 7 + 0 - 3*r. What is the tens digit of c(-5)?
8
What is the tens digit of (168/5)/((-21)/((-945)/2))?
5
Let f(r) = r**3 + 13*r**2 - r - 8. Let h be f(-13). Suppose h*b + 3*b = 312. What is the tens digit of b?
3
Suppose -42347 = 36*o - 89*o. What is the units digit of o?
9
Suppose -i + 12 = l, 9*l - 4*l - 4*i = 15. Let x(d) = d**2 + 7*d + 17. What is the tens digit of x(l)?
1
Let i be 1 + (-11)/9 + (-20)/(-9). Suppose 0 = -i*k - 9*b + 5*b + 124, b = 0. What is the tens digit of k?
6
Suppose -9*r = 2325 - 696. Let u = r + 320. What is the units digit of u?
9
Suppose -2*u = -h + u + 26, 0 = 3*h - 4*u - 63. Let f = h - 13. Suppose 2 = 2*n + f*c, 0*c + 2*c = n - 17. What is the units digit of n?
9
Let w(b) = b**3 + 11*b**2 + 10*b + 13. Suppose 0 = -2*z + 3*z + 10. What is the tens digit of w(z)?
1
Let n = 9 + -4. Let r(c) = 2*c**2 + 3*c + 11. What is the units digit of r(n)?
6
Let c(j) = j**2 + 15*j + 45. Let x be c(-11). Suppose 4*p - 6 = 2. Let l = p - x. What is the units digit of l?
1
Let x = -102 - -770. What is the units digit of x?
8
Let u = 2089 + 2735. What is the thousands digit of u?
4
Let i = -69 + 85. Suppose -13*u + 1271 + i = 0. What is the units digit of u?
9
What is the hundreds digit of -115 + 123 + (-1697)/(-1)?
7
Let m(j) = -5*j**2 - 16*j - 6. Let p be m(-6). Let g = 1215 - p. What is the tens digit of 4/6 - g/(-27)?
4
Suppose 4*l - 5*l + 5 = 0. Let f(v) = v**3 - 4*v**2 + 3*v. What is the units digit of f(l)?
0
Suppose r = w + 15, 3*r - 4*w - 48 = -0*r. Let p be (r/15)/((-2)/(-60)). Let h = 34 - p. What is the units digit of h?
0
Suppose 3*b - 5*i - 2093 = 0, 406 = 2*b - i - 987. What is the tens digit of b?
9
Let i(w) = 2*w**2 - 8*w - 8. Let d be i(5). Suppose d*t = -8*t + 1610. What is the tens digit of t?
6
Let c(y) = 154*y - 8. What is the tens digit of c(1)?
4
Suppose 41*l - 99296 = 9*l. What is the units digit of l?
3
Let x be 125/4 - (35/20)/7. Suppose -b - s = -10 - x, -129 = -3*b - 5*s. What is the tens digit of b?
3
Suppose -5*a + 5 = -15. Suppose 10*m - 1074 = 1206. What is the tens digit of m/8 + (-2)/a?
2
Let m be (3/9)/((-1)/(-54)). Suppose 0 = -2*a + 94 - m. What is the tens digit of a?
3
Suppose 0 = 5*p - 3*t - 3365, p + 1985 = 4*p + 5*t. What is the tens digit of p?
7
Suppose c = 4*u - c - 100, -75 = -3*u + 3*c. Suppose -3*f - f + u = 3*r, 5*r + f = 70. What is the units digit of r?
5
Let d = -30 + 41. Suppose -2*y - 11 = 4*s + y, -3*s = 5*y + d. What is the units digit of (3 - 4 - s) + 29?
0
Let o be (-3)/(1 - 4)*-38. Let h = -84 - o. What is the units digit of 2/(-3) + h/(-6)?
7
Let l(j) = 47*j**2 - 12*j + 3. What is the hundreds digit of l(3)?
3
Let o(q) = q**3 - 3*q + 3. Let z be o(2). Suppose -z*l - 4 = 1. What is the tens digit of l + (-32)/(-12)*24?
6
Suppose 3*p - 84 = -3*c, -5*p = -0*c + c - 136. What is the tens digit of (-2)/(-6) + (-534)/p*-6?
1
Suppose u - 5*u + o + 2277 = 0, -2*u - 3*o = -1135. Suppose 4*r = -r - 4*b + u, -5*r + 5*b = -560. What is the tens digit of r?
1
Let u = 74 + -68. Suppose 2*v - 28 - u = 0. What is the tens digit of v?
1
Let y(p) = 162*p**2 + 2*p - 2. What is the units digit of y(2)?
0
Suppose -5*j - 25 = -10*j. Suppose j*q - 38 - 17 = 0. What is the units digit of q?
1
Let o(j) = 2*j**2 + 3*j + 2. Let l(n) = -2*n - 15. Let s be l(-9). Let v be o(s). Suppose -d - d - 5*r = -v, -d + 34 = -4*r. What is the tens digit of d?
2
Let d(g) = g**3 - 4*g**2 - 2*g + 3. Suppose -30 = -0*v - 2*v - 4*k, 4*v = 2*k + 60. Suppose -3*s + 0 = -v. What is the units digit of d(s)?
8
Let q(x) = -2*x**2 + 2*x - 17. Let p be q(6). Let h = p + 128. Suppose g + 2*j - 28 = 6*j, -3*g + h = -j. What is the tens digit of g?
1
Suppose -32*c = -29*c - 1092. What is the units digit of c?
4
Let d(x) = 2*x**3 + 12*x**2 - x - 4. Let b be d(-6). Suppose 0*s - 5*q = -b*s + 60, -2*s - q = -84. What is the tens digit of s?
4
Let u = -52 - -12. Let w = 178 + u. What is the tens digit of w?
3
Let h(z) = -z**3 + 10*z**2 - 11*z + 9. Let s be h(9). Let i be (-5)/((-15)/s) + 13. Let b(w) = w**3 - 11*w**2 + 13*w + 6. What is the tens digit of b(i)?
3
Suppose 2*b = b + 2. Let o be ((-18 + 0)/3)/b. What is the tens digit of 126/o*4/(-8)?
2
Let w = -12 - -1. Let u(i) = -9*i**2 + 9*i**2 - 4 + i**2 + 8*i + 16. What is the tens digit of u(w)?
4
Suppose -2*u - 99 = -j - 872, -2*u = -3*j - 775. Suppose 7*p - 195 - u = 0. What is the units digit of p?
3
Suppose 5*p + 5 + 40 = 4*i, -3*i + 36 = -3*p. Let x = -11 + i. Suppose -2*g - 5*r + 43 = 2*g, -g - 3 = x*r. What is the tens digit of g?
1
Let y be (-580)/(-24) - 2/12. Suppose -3*b + 4*h + y = 0, 3*h = -5 - 4. What is the units digit of b?
4
Suppose -3*j = -j. Suppose j = -2*n - 23 + 71. What is the tens digit of (n/10)/(2/10)?
1
Let b = -7 + 12. Suppose -2*v + 3*v = 2*t - 24, b*t - 3*v = 62. What is the units digit of (-148)/10*t/(-4)?
7
Suppose 45 = 4*o + 2*r - r, -5*o = -5*r - 25. Suppose -2*q = -q - 20. Let l = q - o. What is the tens digit of l?
1
Suppose -1970*w + 1973*w - 8166 = 0. What is the units digit of w?
2
Let g = 109 - 47. Suppose 0 = 2*h - 7*h. Suppose s + 2*l - g = h, 0*l = s + l - 66. What is the units digit of s?
0
Suppose -2*l + 7 = -1. Suppose -l*o + 104 + 48 = 0. What is the units digit of o?
8
What is the tens digit of 72/(-180) - ((-807)/5)/1?
6
Suppose 0*x - 28560 = -24*x. What is the hundreds digit of x?
1
Let q(n) = 3*n**2 + n + 2. Let u be q(-2). Let s(j) = j**3 - 12*j**2 + 2*j + 7. What is the units digit of s(u)?
1
What is the thousands digit of 15862/5 + -12 + (-504)/(-40)?
3
Let q(x) = -x - 2. Let f(w) = 4*w**2 - 3*w. Let d be f(3). Suppose 0 = 3*y - 5*a + 1, 5*y + 3*a = -20 - d. What is the units digit of q(y)?
5
Let c(a) = -118*a + 190. What is the tens digit of c(-23)?
0
Suppose 2 = -w + 3*r, 0*w = 3*w + r + 56. Let a = 20 + w. Suppose -a*l + l = -16. What is the units digit of l?
8
Suppose -3 = 5*b - 68. Suppose -224 = 9*m - b*m. Suppose 4*o - m = -4*t, 2*o - 47 = -5*t + 11. What is the tens digit of t?
1
Suppose 2*c - 11 + 4 = i, -5*c = -4*i - 13. Let h(z) = 4*z - 8. Let u be h(c). Suppose 3*d + u = 7*d. What is the units digit of d?
3
Let n(i) = 11*i**2 - 2 - 2*i - 9 + i**3 + 3*i + 24. Suppose -t + 4*q = 3, -19 = 2*t + q + 5. What is the units digit of n(t)?
2
Suppose -49*w + 9230 = -39*w. What is the hundreds digit of w?
9
Let x be (15/12)/((-1)/(-4)). Suppose 0 = -2*b - 5*o + 177 + 73, 0 = 5*b - x*o - 555. Let z = -67 + b. What is the tens digit of z?
4
Suppose -5*u + 2771 = 4*c, -2*u + 275 + 843 = 4*c. What is the tens digit of u?
5
What is the units digit of (1*-1)/((-75390)/9422 - -8)?
3
Suppose 0 = -5*i + 5 + 5. Suppose -i*m + 4*a + 38 = 0, 2*m + 4*a - 10 = a. What is the tens digit of m?
1
Suppose -3*o - 2 + 1 = 2*l, -3*l - 3 = 4*o. Suppose 15 = -o*w, 0 = 3*j - 2*j + 3*w + 13. Suppose -j*a + 24 = -14. What is the tens digit of a?
1
What is the units digit of (-260)/16*264/(-6)?
5
Let o be 2/(-14) - (-930)/42. Let z be (8 - 5) + o/2. What is the tens digit of (24/z)/((-11)/(-154))?
2
Suppose -2*g = -6*g - p - 12, 3*p - 6 = 2*g. What is the units digit of g - (-55)/(-15)*-3?
8
Let g = -6336 + 10729. What is the tens digit of g?
9
Suppose -4*g = -0*m + 4*m, 0 = 3*g - 6. What is the units digit of ((4 - -242)/2)/((-3)/m)?
2
Let j be (2 - -5)*-22*2/(-4). Let b = j - -9. What is the units digit of b?
6
Suppose f + 20*m - 211 = 21*m, 4*m + 12 = 0. What is the hundreds digit of f?
2
Let a(z) = z**2 + 3*z + 4. Let n(c) = c**2 + 7*c - 6. Let q be n(-7). Let h be a(q). Let w = h - 16. What is the units digit of w?
6
Let i(y) = -y**2 - 5*y + 3. Let v be i(-5). Suppose 2*w - 5*o = 3 - 1, 2*w - v*o = 2. Suppose -3*b + w = -5. What is the units digit of b?
2
Suppose -w - 4*p = -0*w + 19, -4*p = -2*w + 22. Let q(f) = 58*f + 2. What is the tens digit of q(w)?
6
Let i(x) = 20*x**2 - 1. Let p(f) = f - 9. Let q be p(10). Let w be i(q). Let v = -15 + w. What is the units digit of v?
4
Let n = -62 + 104. Suppose n = -4*c + 366. What is the units digit of c?
1
Suppose 135*o - 125*o = 13490. What is the thousands digit of o?
1
Let c(l) = l**2 + 15*l - 21. Let q be c(-7). Let u = 78 - q. What is the hundreds digit